3*w**3 + 43*w**2 + 10*w + 40. Is 7 a factor of t(14)?
False
Suppose 4*g + 4704 = 16*g. Is g a multiple of 7?
True
Let j(m) = -3*m + 3. Let n be j(9). Is 2 a factor of (12/n)/(2/(-48))?
True
Let b(j) = -j**2 - 3*j + 1. Let m be b(-4). Let u be 4/(-12) - 16/m. Does 9 divide 214/6 - u/(-15)?
True
Suppose 5*h = -10, 4*h = 5*r - 382 + 14. Is r a multiple of 18?
True
Let n(g) = -2*g**2 + 24*g - 4. Does 17 divide n(5)?
False
Suppose -5*d - 253 = 182. Suppose 0 = -3*b - 11 - 1. Is 12 a factor of d/(-2) - 2/b?
False
Let c(o) = 47*o**2 + 12*o + 40. Does 38 divide c(-4)?
False
Does 12 divide 1746/(-27)*(-9)/2?
False
Let o(d) = -66*d + 198. Is o(-25) a multiple of 33?
True
Let d = -12 + 2. Let o(s) = -s + 9. Let q be o(d). Suppose -3*c + q + 23 = 0. Is 10 a factor of c?
False
Suppose 92 = 4*v + 3*x, 2*x = 5*v + 4*x - 122. Suppose -2*r + 2 - v = -t, 2*r = -t + 20. Is t a multiple of 16?
False
Let u(m) = 58*m**2 - 18*m + 39. Is 5 a factor of u(2)?
True
Is 261 - 10/(20*4/64) a multiple of 22?
False
Let m(z) = z**2 - z + 4. Let b(p) = -2*p + 10. Suppose 7*a + 40 = 12*a. Let j be b(a). Is 16 a factor of m(j)?
False
Let z = 3239 - 611. Is z a multiple of 18?
True
Suppose -63 = 2*o - 731. Is o a multiple of 23?
False
Let d = -472 + 556. Does 12 divide d?
True
Let f = 11 + -17. Let i(t) = 5*t - 11. Let h(x) = -2*x + 5. Let k(b) = f*i(b) - 13*h(b). Is k(-4) a multiple of 14?
False
Suppose 3*y - 3*f - 37 + 13 = 0, -f - 36 = -5*y. Suppose -4*s = -1 - y. Suppose -28 + s = -2*w. Does 11 divide w?
False
Let l(y) = -y**3 + 16*y**2 - 2*y - 26. Suppose 7*d - 13*d = -90. Is l(d) a multiple of 13?
True
Is 4 a factor of 3/(-2)*8/(-6) + 14?
True
Let z(v) be the second derivative of -v**4/12 + 11*v**3/6 + 8*v. Does 12 divide z(8)?
True
Let x = 928 + 1159. Does 70 divide x?
False
Suppose 4*f + 3*c = 2756, 4*c - 9 = 7. Is 14 a factor of f?
True
Suppose 5*j - 1215 = -5*z + 1330, 0 = -j + 5*z + 491. Is j a multiple of 46?
True
Let c(q) = -12*q**3 + 4*q**2 + 2*q - 3. Let g be c(-3). Does 29 divide -4 + (g - 3/(-3))?
True
Suppose -50*v - 4764 = -14114. Is 20 a factor of v?
False
Suppose -9*q - 11132 = -13*q. Is 121 a factor of q?
True
Suppose -31*n + 29*n + 108 = 0. Suppose -4*s + 106 = -n. Does 8 divide s?
True
Suppose 0 = -c - 0*c. Let q(i) = i + 13. Let x be q(c). Suppose -5*b + x = -12, -3*b + 93 = 3*k. Is 22 a factor of k?
False
Suppose 1706 - 5531 = -17*s. Is s a multiple of 4?
False
Let m(i) = 2*i**2 + 28*i. Is m(-26) a multiple of 35?
False
Let f(y) = y**3 + 21*y**2 + 61*y + 17. Is f(-13) a multiple of 24?
True
Suppose -3*p = -8*p. Suppose -3*a - 2*a + 1245 = p. Is 29 a factor of 3/(9/1)*a?
False
Suppose 31*g = -g + 832. Is g a multiple of 26?
True
Let y(k) = 4*k - 3. Suppose -54 = 5*v - 8*v. Suppose q - v = -2*q. Is y(q) a multiple of 7?
True
Let g = 113 - 1. Is g a multiple of 8?
True
Suppose 0 = y - 4*y + 9. Suppose 2*x = 4*w - 1 - 75, y*w = 3*x + 105. Let d = x - -49. Is d a multiple of 8?
False
Suppose -17*r = -21*r - 4, -2*g + 5*r + 1691 = 0. Does 42 divide g?
False
Is 33 a factor of 357 + 6 + -3 + 3?
True
Suppose 4*b + 3*i - 20 = 0, -b - 2 = 5*i + 10. Let r(s) = -s**3 + 7*s**2 + 10*s + 5. Let u be r(b). Is 16 a factor of u/5*60/12?
False
Suppose 682*i - 681*i = 461. Does 36 divide i?
False
Suppose -v - 6160 - 4499 = -4*g, g - 2661 = -v. Does 111 divide g?
True
Let a be (-4 + 10)*4/(-6). Is -1 + a*85/(-20) even?
True
Let g(j) = -j**3 + 3*j**2 + 6*j - 2. Let q be g(4). Let u be 26/q + 6/(-18). Suppose u*k = k + 156. Is 13 a factor of k?
True
Let a(v) = -1248*v**3 - 17*v**2 - 17*v - 1. Does 29 divide a(-1)?
True
Let c = 4 - 11. Let n be (6/c)/((-1)/7). Suppose 97 = n*y - 107. Is y a multiple of 17?
True
Let k be (-3 + -1 + 21/6)*0. Suppose d - 3*o - 6 = k, -5*d + 5*o + 23 = -7. Is d a multiple of 3?
True
Let t = 126 + 532. Is t a multiple of 47?
True
Let n be (1 + -5)/(3/6). Is 7 a factor of -2*(260/n)/5?
False
Let z(u) = 2*u + 1. Suppose 29 = 5*r - 2*b - 36, -r - 10 = -5*b. Suppose -p + 2*a - r = -4*p, 0 = -2*p - 4*a + 2. Does 15 divide z(p)?
True
Let f be -52*(-4)/8*(-10)/(-4). Suppose 5*w = 215 - f. Is w a multiple of 30?
True
Let s be 136 + -4 + 0 + 1 + -1. Suppose c = 5*d + 3*c + 355, 71 = -d - 4*c. Let o = d + s. Is 26 a factor of o?
False
Suppose 5*f = 5*p + 4520, -103*f - 2*p = -107*f + 3608. Does 9 divide f?
True
Suppose 3*d + 315 = 3*j, -9 = -6*j + 3*j. Is 12/2 - 4 - d a multiple of 11?
False
Suppose -1 - 4 = -w, 0 = 2*r + w + 15. Let x(u) = -3*u + 2. Let a be x(r). Suppose -b - 3*s - 2*s + 12 = 0, 0 = -b - s + a. Is 15 a factor of b?
False
Let g be 7/(-42) - (-242)/12. Suppose -4*f + 5*q + 106 + 59 = 0, 0 = 2*f - 5*q - 85. Let w = f - g. Is 10 a factor of w?
True
Let y = 56 - 56. Suppose s - 170 + 60 = y. Is s a multiple of 22?
True
Let x(t) = -206*t - 60. Is x(-6) a multiple of 84?
True
Let a(m) = -m**3 - 9*m**2 - 14*m + 1. Let k be a(-7). Suppose k = 2*n + 19. Is -2*n/((-27)/(-48)) a multiple of 16?
True
Let l = -7 - -15. Let s = l - 4. Suppose -r + s = 1. Does 2 divide r?
False
Let q(i) = -i**3 - 16*i**2 - 41*i + 34. Is q(-15) a multiple of 9?
False
Suppose 0 = -3*m - 3*f + 1104, -3*m - f = 2*m - 1820. Is m a multiple of 35?
False
Let w(m) be the first derivative of m**6/360 - m**5/30 - m**4/12 + 7*m**3/3 + 5. Let x(r) be the third derivative of w(r). Does 10 divide x(-6)?
False
Let f(v) = 14*v. Let g be f(6). Let h be (6 + -5)*-3 - -3. Suppose h*i + g = 2*i. Does 19 divide i?
False
Let i = 1572 + -1445. Is i a multiple of 4?
False
Let b(l) = 5*l**2 - 8 - 8*l + 13*l - 8*l. Does 13 divide b(-4)?
False
Suppose 0 = 22*p - 23*p + 35. Suppose 9*o + p = 14*o. Does 7 divide o?
True
Let f = -43 - -75. Let r = -29 + f. Suppose r*i + z = 319, -2*z = -4*i + 2*z + 404. Is i a multiple of 14?
False
Let r be ((-940)/25)/(1/(-5)). Suppose 6*v + r = 8*v. Is v a multiple of 21?
False
Let u = -16 - -13. Let a be (-1)/2 + u/6. Let d(t) = 12*t**2 + t + 1. Does 6 divide d(a)?
True
Let p be 4/18 - (-172)/36. Let g(x) = -p - 20*x - 2*x**2 + 0*x**2 + 0*x**2. Is 5 a factor of g(-9)?
False
Let v = -541 - -367. Let u = v - -412. Is u a multiple of 14?
True
Suppose -10*k - 3132 = -12672. Is k a multiple of 15?
False
Let v = 7 - 2. Let d(z) = 27*z - 7. Let f be d(v). Suppose y - f = -y. Does 13 divide y?
False
Suppose u = -3 + 5. Suppose -a - u*q + 31 + 40 = 0, -8 = -4*q. Is 12 a factor of a?
False
Let x(a) = -12*a + 53. Does 3 divide x(0)?
False
Let w = -32 + 33. Suppose -w + 13 = 2*g. Is g even?
True
Suppose 0*k = k - 18. Let f be 8/(-6)*k/(-12). Suppose -4*n + 108 = -3*o, f*o - 14 = -n + 6*o. Is n a multiple of 10?
True
Is 13 a factor of 4 + 2696 + (-25 - -29)?
True
Let n = -1641 - -4136. Is n a multiple of 28?
False
Suppose 0 = -v + 6*v - 15, 0 = -4*s - 5*v + 27. Suppose 3*c = -2*d + 505, c - 3*d - 91 = 81. Suppose 2*w + 215 = 5*x - s*w, -c = -4*x + w. Is 11 a factor of x?
False
Let j(c) = c**3 - 10*c**2 + 5*c + 4. Let x be j(10). Let r = 115 + -4. Let t = r - x. Does 19 divide t?
True
Let n be (-3 - (-3 + -5))*2. Let r be n/4 - (-24)/16. Suppose 4*h + 4*m = 168, r*h - 172 = -m - 4*m. Is 19 a factor of h?
True
Let j = -39 - -39. Let r be 0 + (2 - (39 - j)). Let o = r - -85. Is 8 a factor of o?
True
Let y(i) = -241*i**2 + 2*i - 1. Let q be y(1). Let v = 341 + q. Is 19 a factor of v?
False
Let i = 534 - 366. Let x = -75 + i. Suppose -3*j + 0 + x = 5*b, -3*b = -j + 31. Does 15 divide j?
False
Let r = -46 - -84. Is 2 a factor of r?
True
Let k(b) = 5*b - 12. Let c be k(5). Let y = c + -85. Let v = y + 129. Does 12 divide v?
False
Let r(z) = -11*z + 11. Let u be r(2). Let s(k) = -20*k + 13. Does 50 divide s(u)?
False
Let t = -213 - -689. Does 13 divide t?
False
Suppose 0 = 3*n - 14 + 14. Is 1 + 10 - (2 + n)/1 a multiple of 2?
False
Let n = -22 + 0. Let g = -8 - n. Is 130/g + (-6)/21 a multiple of 7?
False
Suppose 4 - 16 = 6*b. Let v be (36/(-8))/9*b. Is (-2*(-28)/2)/v a multiple of 14?
True
Does 25 divide -2 + 7 + 0 + -9 - -1679?
True
Suppose 0 = -2*p + 10, -3*p - 15 + 535 = -5*s. Let z be ((-557)/(-3) - 7/(-21)) + 5. Let n = z + s. Is n a multiple of 30?
True
Suppose 4*i = -5*h + 1240, 2*i + 1264 = 4*h + 272. Is 27 a factor of h?
False
Let v = -36 - -26. Let x(n) = n**2 + n + 3. Does 31 divide x(v)?
True
Suppose g + 5 = -0*x - 3*x, -31 = 5*x - 4*g. Is 875/15 - 2/x a multiple of 17?